{"id":983,"date":"2015-03-03T13:40:36","date_gmt":"2015-03-03T12:40:36","guid":{"rendered":"http:\/\/sumperkgynekolog.cz\/?page_id=983"},"modified":"2023-08-19T14:08:06","modified_gmt":"2023-08-19T13:08:06","slug":"cenik","status":"publish","type":"page","link":"https:\/\/sumperkgynekolog.cz\/?page_id=983","title":{"rendered":"Cen\u00edk"},"content":{"rendered":"<h2 style=\"text-align: center;\">Cen\u00edk nadstandartn\u00edch slu\u017eeb<\/h2>\n<table style=\"height: 449px;\" width=\"678\">\n<tbody>\n<tr>\n<td style=\"text-align: left;\">Steriln\u00ed jednor\u00e1zov\u00e1 vagin\u00e1ln\u00ed zrcadla<\/td>\n<td style=\"text-align: left;\">40K\u010d<\/td>\n<\/tr>\n<tr>\n<td style=\"text-align: left;\">Jednor\u00e1zov\u00e1 vy\u0161et\u0159ovac\u00ed sukn\u011b<\/td>\n<td style=\"text-align: left;\">30K\u010d<\/td>\n<\/tr>\n<tr>\n<td style=\"text-align: left;\">Seps\u00e1n\u00ed \u017e\u00e1dosti o um\u011bl\u00e9 ukon\u010den\u00ed t\u011bhotenstv\u00ed &#8211; UPT<\/td>\n<td style=\"text-align: left;\">500K\u010d<\/td>\n<\/tr>\n<tr>\n<td style=\"text-align: left;\">\u00a0Klinick\u00e9 vy\u0161et\u0159en\u00ed pacientky bez zdravotn\u00edho poji\u0161t\u011bn\u00ed<\/td>\n<td style=\"text-align: left;\">300 K\u010d<\/td>\n<\/tr>\n<tr>\n<td style=\"text-align: left;\">\u00a0Ultrazvukov\u00e9 vy\u0161et\u0159en\u00ed pacientky bez zdravotn\u00edho poji\u0161t\u011bn\u00ed<\/td>\n<td style=\"text-align: left;\">300 K\u010d<\/td>\n<\/tr>\n<tr>\n<td style=\"text-align: left;\">\u00a0Odb\u011br cytologie u pacientky bez zdravotn\u00edho poji\u0161t\u011bn\u00ed<\/td>\n<td style=\"text-align: left;\">200 K\u010d<\/td>\n<\/tr>\n<tr>\n<td style=\"text-align: left;\">\u00a0Ostatn\u00ed laboratorn\u00ed vy\u0161et\u0159en\u00ed<\/td>\n<td style=\"text-align: left;\">dle cen\u00edku laborato\u0159e<\/td>\n<\/tr>\n<tr>\n<td style=\"text-align: left;\">\u00a0Injek\u010dn\u00ed aplikace l\u00e9ku u pacientky bez zdravotn\u00edho poji\u0161t\u011bn\u00ed<\/td>\n<td style=\"text-align: left;\">50 K\u010d<\/td>\n<\/tr>\n<tr>\n<td style=\"text-align: left;\">\u00a0Fotodokumentace z ultrazvukov\u00e9ho vy\u0161et\u0159en\u00ed na \u017e\u00e1dost<\/td>\n<td style=\"text-align: left;\">30 K\u010d<\/td>\n<\/tr>\n<tr>\n<td style=\"text-align: left;\">\u00a0O\u010dkov\u00e1n\u00ed proti HPV viru &#8211; ka\u017ed\u00e1 injek\u010dn\u00ed aplikace<\/td>\n<td style=\"text-align: left;\">50 K\u010d<\/td>\n<\/tr>\n<tr>\n<td style=\"text-align: left;\">\u00a0V\u00fdpis \u010di kopie dokumentace na vlastn\u00ed \u017e\u00e1dost<\/td>\n<td style=\"text-align: left;\">100 K\u010d<\/td>\n<\/tr>\n<tr>\n<td style=\"text-align: left;\">\u00a0Regula\u010dn\u00ed poplatek 30 K\u010d<\/td>\n<td style=\"text-align: left;\">zru\u0161en<\/td>\n<\/tr>\n<\/tbody>\n<\/table>\n<div>Z\u00e1kon \u010d. 372\/2011 o zdravotn\u00edch slu\u017eb\u00e1ch<\/div>\n<div><\/div>\n<ol>\n<li>Rozhodnut\u00ed poskytovatele:\u00a0Informovan\u00fd souhlas pacientky p\u00edsemnou formou poskytovatelem nebude pova\u017eov\u00e1n s v\u00fdjimkou p\u0159\u00edpadu, kter\u00e9 stanov\u00ed z\u00e1kon<\/li>\n<li>V\u00fdkony hrazen\u00e9 ze zdravotn\u00edho poji\u0161t\u011bn\u00ed nemaj\u00ed varianty nadstandartu<\/li>\n<\/ol>\n","protected":false},"excerpt":{"rendered":"<p>Cen\u00edk nadstandartn\u00edch slu\u017eeb Steriln\u00ed jednor\u00e1zov\u00e1 vagin\u00e1ln\u00ed zrcadla 40K\u010d Jednor\u00e1zov\u00e1 vy\u0161et\u0159ovac\u00ed sukn\u011b 30K\u010d Seps\u00e1n\u00ed \u017e\u00e1dosti o um\u011bl\u00e9 ukon\u010den\u00ed t\u011bhotenstv\u00ed &#8211; UPT 500K\u010d \u00a0Klinick\u00e9 vy\u0161et\u0159en\u00ed pacientky bez zdravotn\u00edho poji\u0161t\u011bn\u00ed 300 K\u010d \u00a0Ultrazvukov\u00e9 vy\u0161et\u0159en\u00ed pacientky bez zdravotn\u00edho poji\u0161t\u011bn\u00ed 300 K\u010d \u00a0Odb\u011br cytologie u pacientky bez zdravotn\u00edho poji\u0161t\u011bn\u00ed 200 K\u010d \u00a0Ostatn\u00ed laboratorn\u00ed vy\u0161et\u0159en\u00ed dle cen\u00edku laborato\u0159e \u00a0Injek\u010dn\u00ed aplikace l\u00e9ku [&hellip;]<\/p>\n","protected":false},"author":1,"featured_media":0,"parent":0,"menu_order":0,"comment_status":"closed","ping_status":"open","template":"tpl-home.php","meta":{"site-sidebar-layout":"default","site-content-layout":"","ast-site-content-layout":"default","site-content-style":"default","site-sidebar-style":"default","ast-global-header-display":"","ast-banner-title-visibility":"","ast-main-header-display":"","ast-hfb-above-header-display":"","ast-hfb-below-header-display":"","ast-hfb-mobile-header-display":"","site-post-title":"","ast-breadcrumbs-content":"","ast-featured-img":"","footer-sml-layout":"","ast-disable-related-posts":"","theme-transparent-header-meta":"","adv-header-id-meta":"","stick-header-meta":"","header-above-stick-meta":"","header-main-stick-meta":"","header-below-stick-meta":"","astra-migrate-meta-layouts":"default","ast-page-background-enabled":"default","ast-page-background-meta":{"desktop":{"background-color":"var(--ast-global-color-4)","background-image":"","background-repeat":"repeat","background-position":"center center","background-size":"auto","background-attachment":"scroll","background-type":"","background-media":"","overlay-type":"","overlay-color":"","overlay-opacity":"","overlay-gradient":""},"tablet":{"background-color":"","background-image":"","background-repeat":"repeat","background-position":"center center","background-size":"auto","background-attachment":"scroll","background-type":"","background-media":"","overlay-type":"","overlay-color":"","overlay-opacity":"","overlay-gradient":""},"mobile":{"background-color":"","background-image":"","background-repeat":"repeat","background-position":"center center","background-size":"auto","background-attachment":"scroll","background-type":"","background-media":"","overlay-type":"","overlay-color":"","overlay-opacity":"","overlay-gradient":""}},"ast-content-background-meta":{"desktop":{"background-color":"var(--ast-global-color-5)","background-image":"","background-repeat":"repeat","background-position":"center center","background-size":"auto","background-attachment":"scroll","background-type":"","background-media":"","overlay-type":"","overlay-color":"","overlay-opacity":"","overlay-gradient":""},"tablet":{"background-color":"var(--ast-global-color-5)","background-image":"","background-repeat":"repeat","background-position":"center center","background-size":"auto","background-attachment":"scroll","background-type":"","background-media":"","overlay-type":"","overlay-color":"","overlay-opacity":"","overlay-gradient":""},"mobile":{"background-color":"var(--ast-global-color-5)","background-image":"","background-repeat":"repeat","background-position":"center center","background-size":"auto","background-attachment":"scroll","background-type":"","background-media":"","overlay-type":"","overlay-color":"","overlay-opacity":"","overlay-gradient":""}},"footnotes":""},"_links":{"self":[{"href":"https:\/\/sumperkgynekolog.cz\/index.php?rest_route=\/wp\/v2\/pages\/983"}],"collection":[{"href":"https:\/\/sumperkgynekolog.cz\/index.php?rest_route=\/wp\/v2\/pages"}],"about":[{"href":"https:\/\/sumperkgynekolog.cz\/index.php?rest_route=\/wp\/v2\/types\/page"}],"author":[{"embeddable":true,"href":"https:\/\/sumperkgynekolog.cz\/index.php?rest_route=\/wp\/v2\/users\/1"}],"replies":[{"embeddable":true,"href":"https:\/\/sumperkgynekolog.cz\/index.php?rest_route=%2Fwp%2Fv2%2Fcomments&post=983"}],"version-history":[{"count":13,"href":"https:\/\/sumperkgynekolog.cz\/index.php?rest_route=\/wp\/v2\/pages\/983\/revisions"}],"predecessor-version":[{"id":90311,"href":"https:\/\/sumperkgynekolog.cz\/index.php?rest_route=\/wp\/v2\/pages\/983\/revisions\/90311"}],"wp:attachment":[{"href":"https:\/\/sumperkgynekolog.cz\/index.php?rest_route=%2Fwp%2Fv2%2Fmedia&parent=983"}],"curies":[{"name":"wp","href":"https:\/\/api.w.org\/{rel}","templated":true}]}}